{"id":579,"date":"2015-11-15T16:36:30","date_gmt":"2015-11-15T15:36:30","guid":{"rendered":"http:\/\/www.global-creativ-art.ch\/?page_id=579"},"modified":"2023-03-03T10:31:20","modified_gmt":"2023-03-03T09:31:20","slug":"newsletter-atelier-jy-vais","status":"publish","type":"page","link":"https:\/\/www.global-creativ-art.ch\/?page_id=579","title":{"rendered":"Atelier \u00ab\u00a0J&rsquo;y vais\u00a0\u00bb"},"content":{"rendered":"<p style=\"text-align: center;\"><img loading=\"lazy\" decoding=\"async\" class=\"aligncenter size-full wp-image-605\" src=\"http:\/\/www.global-creativ-art.ch\/wp-content\/uploads\/GCA_Newsletter_jy_vais.jpg\" alt=\"GCA_Newsletter_j'y_vais\" width=\"650\" height=\"200\" srcset=\"https:\/\/www.global-creativ-art.ch\/wp-content\/uploads\/GCA_Newsletter_jy_vais.jpg 650w, https:\/\/www.global-creativ-art.ch\/wp-content\/uploads\/GCA_Newsletter_jy_vais-300x92.jpg 300w\" sizes=\"auto, (max-width: 650px) 100vw, 650px\" \/><\/p>\r\n<p style=\"text-align: center;\"><span style=\"background-color: #ffffff; font-size: 24pt;\"><strong><span style=\"color: #800000;\">Programme<\/span><\/strong><\/span><\/p>\r\n<p style=\"text-align: left;\"><span style=\"background-color: #ffffff;\"><span style=\"color: #b80bb8; font-size: 14pt; background-color: #ffffff;\"><strong>Atelier Peinture<\/strong><\/span><\/span><\/p>\r\n<p style=\"text-align: left;\">Nul besoin de connaissance en peinture pour participer \u00e0 cet atelier. Diff\u00e9rentes techniques avec diff\u00e9rents outils comme les pinceaux, les \u00e9ponges, les ballons et autres sont utilis\u00e9s lors de cet atelier<\/p>\r\n<p><img loading=\"lazy\" decoding=\"async\" class=\"wp-image-1002 aligncenter\" src=\"http:\/\/www.global-creativ-art.ch\/wp-content\/uploads\/Camera-Uploads23.jpg\" alt=\"\" width=\"295\" height=\"221\" srcset=\"https:\/\/www.global-creativ-art.ch\/wp-content\/uploads\/Camera-Uploads23.jpg 5120w, https:\/\/www.global-creativ-art.ch\/wp-content\/uploads\/Camera-Uploads23-300x225.jpg 300w, https:\/\/www.global-creativ-art.ch\/wp-content\/uploads\/Camera-Uploads23-768x576.jpg 768w, https:\/\/www.global-creativ-art.ch\/wp-content\/uploads\/Camera-Uploads23-1024x768.jpg 1024w\" sizes=\"auto, (max-width: 295px) 100vw, 295px\" \/><\/p>\r\n<p style=\"text-align: left;\"><span style=\"background-color: #ffffff;\"><strong><span style=\"color: #666699;\"><span style=\"font-size: 14pt; background-color: #ffffff;\">Atelier Mixed Media\u00a0<\/span><\/span><\/strong><\/span><\/p>\r\n<p style=\"text-align: left;\">Sur divers supports, vous allez coller des papiers, des objets, divers mat\u00e9riaux pour des effets en 3D, utiliser des pochoirs, de la peinture, des feutres, etc. pour r\u00e9aliser des cr\u00e9ations<\/p>\r\n<div id=\"attachment_987\" style=\"width: 244px\" class=\"wp-caption alignleft\"><img loading=\"lazy\" decoding=\"async\" aria-describedby=\"caption-attachment-987\" class=\" wp-image-987\" src=\"http:\/\/www.global-creativ-art.ch\/wp-content\/uploads\/2017-11-06-13.34.11.jpg\" alt=\"\" width=\"234\" height=\"313\" srcset=\"https:\/\/www.global-creativ-art.ch\/wp-content\/uploads\/2017-11-06-13.34.11.jpg 2381w, https:\/\/www.global-creativ-art.ch\/wp-content\/uploads\/2017-11-06-13.34.11-224x300.jpg 224w, https:\/\/www.global-creativ-art.ch\/wp-content\/uploads\/2017-11-06-13.34.11-768x1028.jpg 768w, https:\/\/www.global-creativ-art.ch\/wp-content\/uploads\/2017-11-06-13.34.11-765x1024.jpg 765w\" sizes=\"auto, (max-width: 234px) 100vw, 234px\" \/><p id=\"caption-attachment-987\" class=\"wp-caption-text\">Canevas renvers\u00e9<\/p><\/div>\r\n<p><span style=\"background-color: #ffffff;\"><strong><span style=\"color: #ff6600;\"><img loading=\"lazy\" decoding=\"async\" class=\"aligncenter wp-image-997\" src=\"http:\/\/www.global-creativ-art.ch\/wp-content\/uploads\/20171021_101031.jpg\" alt=\"\" width=\"383\" height=\"309\" srcset=\"https:\/\/www.global-creativ-art.ch\/wp-content\/uploads\/20171021_101031.jpg 2755w, https:\/\/www.global-creativ-art.ch\/wp-content\/uploads\/20171021_101031-300x242.jpg 300w, https:\/\/www.global-creativ-art.ch\/wp-content\/uploads\/20171021_101031-768x619.jpg 768w, https:\/\/www.global-creativ-art.ch\/wp-content\/uploads\/20171021_101031-1024x825.jpg 1024w\" sizes=\"auto, (max-width: 383px) 100vw, 383px\" \/><\/span><\/strong><\/span><\/p>\r\n<p>&nbsp;<\/p>\r\n<p>&nbsp;<\/p>\r\n<p><span style=\"background-color: #ffffff;\"><strong><span style=\"color: #ff6600;\">Atelier Cartes de v\u0153ux<\/span><\/strong><\/span><\/p>\r\n<p><span style=\"background-color: #ffffff;\">Cet atelier vous permet de d\u00e9couvrir diff\u00e9rentes fa\u00e7ons de cr\u00e9er vos cartes personnalis\u00e9es que ce soit pour un anniversaire, un mariage, un d\u00e9part \u00e0 la retraite, pour vos v\u0153ux de fin d&rsquo;ann\u00e9e ou tout simplement pour \u00e9crire un mot \u00e0 une personne qui vous est ch\u00e8re<\/span><\/p>\r\n<p><img loading=\"lazy\" decoding=\"async\" class=\"wp-image-950 alignleft\" src=\"http:\/\/www.global-creativ-art.ch\/wp-content\/uploads\/20170712_171044.jpg\" alt=\"\" width=\"283\" height=\"282\" srcset=\"https:\/\/www.global-creativ-art.ch\/wp-content\/uploads\/20170712_171044.jpg 3005w, https:\/\/www.global-creativ-art.ch\/wp-content\/uploads\/20170712_171044-150x150.jpg 150w, https:\/\/www.global-creativ-art.ch\/wp-content\/uploads\/20170712_171044-300x300.jpg 300w, https:\/\/www.global-creativ-art.ch\/wp-content\/uploads\/20170712_171044-768x767.jpg 768w, https:\/\/www.global-creativ-art.ch\/wp-content\/uploads\/20170712_171044-1024x1022.jpg 1024w\" sizes=\"auto, (max-width: 283px) 100vw, 283px\" \/><\/p>\r\n<p>&nbsp;<\/p>\r\n\r\n<figure class=\"wp-block-image\"><img loading=\"lazy\" decoding=\"async\" class=\"wp-image-1078\" src=\"http:\/\/www.global-creativ-art.ch\/wp-content\/uploads\/20181118_162700-e1582289020351-1024x1024.jpg\" alt=\"\" width=\"271\" height=\"271\" srcset=\"https:\/\/www.global-creativ-art.ch\/wp-content\/uploads\/20181118_162700-e1582289020351-1024x1024.jpg 1024w, https:\/\/www.global-creativ-art.ch\/wp-content\/uploads\/20181118_162700-e1582289020351-150x150.jpg 150w, https:\/\/www.global-creativ-art.ch\/wp-content\/uploads\/20181118_162700-e1582289020351-300x300.jpg 300w, https:\/\/www.global-creativ-art.ch\/wp-content\/uploads\/20181118_162700-e1582289020351-768x768.jpg 768w\" sizes=\"auto, (max-width: 271px) 100vw, 271px\" \/><\/figure>\r\n<p><span style=\"background-color: #ffffff;\"> \r\n\r\n<\/span><\/p>\r\n<p>&nbsp;<\/p>\r\n<p><span style=\"background-color: #ffffff;\">Prix : CHF 80.00 \/ Atelier, mat\u00e9riel inclus (sauf toile ou autre support sp\u00e9cifique)<\/span><\/p>\r\n<p><strong><span style=\"color: #333333;\">Les ateliers ont lieu le weekend ou en soir\u00e9e, sur demande<\/span><\/strong><\/p>\r\n<p>&nbsp;<\/p>\r\n<p><span style=\"background-color: #ffffff;\"><span style=\"color: #003300; font-size: 14pt; background-color: #ffffff;\"><strong><span style=\"color: #0f8c0f;\">Cours de modelage de personnages\u00a0<\/span><\/strong><\/span><\/span><\/p>\r\n<p><span style=\"background-color: #ffffff;\">5 cours de 2 heures \u00a0CHF 400.00, mat\u00e9riel inclus<\/span><\/p>\r\n<p>&nbsp;<\/p>\r\n<p><span style=\"background-color: #ffffff;\"><span style=\"font-size: 14pt; color: #1860f0; background-color: #ffffff;\"><strong>Ateliers enfants<\/strong><\/span>\u00a0<\/span><\/p>\r\n<p><span style=\"background-color: #ffffff;\">Diff\u00e9rentes techniques et fa\u00e7on de les utiliser. Le but est d&rsquo;exp\u00e9rimenter et laisser libre cours \u00e0 la cr\u00e9ativit\u00e9<\/span><\/p>\r\n<p><span style=\"background-color: #ffffff;\">Prix : CHF 40.00\/atelier, mat\u00e9riel et go\u00fbter inclus<\/span><\/p>\r\n<p>&nbsp;<\/p>\r\n<p><span style=\"background-color: #ffffff;\"> <\/span><\/p>\r\n<div class=\"wp-block-image\">\r\n<figure class=\"alignleft is-resized\"><img loading=\"lazy\" decoding=\"async\" class=\"wp-image-1035 aligncenter\" src=\"http:\/\/www.global-creativ-art.ch\/wp-content\/uploads\/Camera-Uploads50-1024x1024.jpg\" alt=\"\" width=\"375\" height=\"375\" srcset=\"https:\/\/www.global-creativ-art.ch\/wp-content\/uploads\/Camera-Uploads50-1024x1024.jpg 1024w, https:\/\/www.global-creativ-art.ch\/wp-content\/uploads\/Camera-Uploads50-150x150.jpg 150w, https:\/\/www.global-creativ-art.ch\/wp-content\/uploads\/Camera-Uploads50-300x300.jpg 300w, https:\/\/www.global-creativ-art.ch\/wp-content\/uploads\/Camera-Uploads50-768x768.jpg 768w\" sizes=\"auto, (max-width: 375px) 100vw, 375px\" \/><\/figure>\r\n<\/div>\r\n<p><\/p>\r\n<p>&nbsp;<\/p>\r\n<p>&nbsp;<\/p>\r\n<p>&nbsp;<\/p>\r\n<p>&nbsp;<\/p>\r\n<p>&nbsp;<\/p>\r\n<p>&nbsp;<\/p>\r\n<p>&nbsp;<\/p>\r\n<p>&nbsp;<\/p>\r\n<p>&nbsp;<\/p>\r\n<p>&nbsp;<\/p>\r\n<p>Inscription 076 390 59 70<\/p>\r\n<p>&nbsp;<\/p>\r\n<p>&nbsp;<\/p>\r\n<p><\/p>\r\n<p>&nbsp;<\/p>\r\n<p><\/p>","protected":false},"excerpt":{"rendered":"<p>Programme Atelier Peinture Nul besoin de connaissance en peinture pour participer \u00e0 cet atelier. Diff\u00e9rentes techniques avec diff\u00e9rents outils comme les pinceaux, les \u00e9ponges, les ballons et autres sont utilis\u00e9s lors de cet atelier Atelier Mixed Media\u00a0 Sur divers supports, vous allez coller des papiers, des objets, divers mat\u00e9riaux pour des effets en 3D, utiliser&#8230; <\/p>\n","protected":false},"author":1,"featured_media":0,"parent":0,"menu_order":11,"comment_status":"closed","ping_status":"closed","template":"no-sidebar.php","meta":{"footnotes":""},"class_list":["post-579","page","type-page","status-publish","hentry"],"aioseo_notices":[],"_links":{"self":[{"href":"https:\/\/www.global-creativ-art.ch\/index.php?rest_route=\/wp\/v2\/pages\/579","targetHints":{"allow":["GET"]}}],"collection":[{"href":"https:\/\/www.global-creativ-art.ch\/index.php?rest_route=\/wp\/v2\/pages"}],"about":[{"href":"https:\/\/www.global-creativ-art.ch\/index.php?rest_route=\/wp\/v2\/types\/page"}],"author":[{"embeddable":true,"href":"https:\/\/www.global-creativ-art.ch\/index.php?rest_route=\/wp\/v2\/users\/1"}],"replies":[{"embeddable":true,"href":"https:\/\/www.global-creativ-art.ch\/index.php?rest_route=%2Fwp%2Fv2%2Fcomments&post=579"}],"version-history":[{"count":59,"href":"https:\/\/www.global-creativ-art.ch\/index.php?rest_route=\/wp\/v2\/pages\/579\/revisions"}],"predecessor-version":[{"id":1105,"href":"https:\/\/www.global-creativ-art.ch\/index.php?rest_route=\/wp\/v2\/pages\/579\/revisions\/1105"}],"wp:attachment":[{"href":"https:\/\/www.global-creativ-art.ch\/index.php?rest_route=%2Fwp%2Fv2%2Fmedia&parent=579"}],"curies":[{"name":"wp","href":"https:\/\/api.w.org\/{rel}","templated":true}]}}