{"id":1119,"date":"2023-09-08T14:38:52","date_gmt":"2023-09-08T13:38:52","guid":{"rendered":"http:\/\/www.global-creativ-art.ch\/?page_id=1119"},"modified":"2023-09-09T12:50:53","modified_gmt":"2023-09-09T11:50:53","slug":"politique-de-confidentialite","status":"publish","type":"page","link":"https:\/\/www.global-creativ-art.ch\/?page_id=1119","title":{"rendered":"Politique de confidentialit\u00e9"},"content":{"rendered":"<p><strong>Mentions l\u00e9gales au sujet de votre inscription \u00e0 notre liste de courriels :<\/strong><\/p>\n<p>Vous devez savoir qu\u2019en laissant votre courriel, vous recevrez gratuitement des informations relatives aux activit\u00e9s propos\u00e9es par Global Creartiv&rsquo;Artr. Vous devez indiquer votre nom et votre adresse courriel pour pouvoir vous inscrire. Le propri\u00e9taire de cette liste de courriel est Danielle Scicchitano. Vous disposez d\u2019un droit de d\u00e9sabonnement en tout temps.<br \/>\nMERCI.<\/p>\n<p>MERCI de tout coeur d\u2019avoir choisi de visiter mon site. Les pr\u00e9sentes conditions g\u00e9n\u00e9rales \u00e9tablissent les modalit\u00e9s d\u2019utilisations du site web suivant:<\/p>\n<p>www.global-creativ-art.ch<\/p>\n<p>Le visiteur reconna\u00eet avoir pris connaissance de cette mention l\u00e9gale et accepter l\u2019ensemble de ces informations et ce, que cet usage soit fait \u00e0 titre personnel ou professionnel.<\/p>\n<p><strong>Propri\u00e9taire du site<\/strong><br \/>\nCe site est la propri\u00e9t\u00e9 de<br \/>\nDanielle Scicchitano<br \/>\nRuelle du Ch\u00e2telet 12<br \/>\n1632 Riaz<br \/>\nSuisse<br \/>\nCourriel: &#105;&#x6e;&#x66;&#111;&#x40;&#x67;l&#x6f;&#x62;a&#108;&#x2d;c&#114;&#x65;a&#116;&#x69;v&#45;&#x61;r&#116;&#x2e;&#x63;&#104;<\/p>\n<p><strong>Responsabilit\u00e9<\/strong>\u00a0:<br \/>\nLe propri\u00e9taire du site met \u00e0 disposition des visiteurs un large contenu d\u2019informations gratuites. Il s\u2019assure en permanence, avec int\u00e9grit\u00e9 et \u00e9thique, de mettre les moyens \u00e0 sa disposition pour s\u2019assurer de la qualit\u00e9 de ces contenus. Toutefois, il advient \u00e0 l\u2019utilisateur du site de s\u2019assurer de la pertinence de ces informations au regard de sa situation personnelle et professionnelle.<\/p>\n<p>L\u2019utilisateur (le visiteur du site) s\u2019engage donc \u00e0 utiliser ces informations sous son enti\u00e8re responsabilit\u00e9 et d\u00e9gage le propri\u00e9taire (Danielle Scicchitano) de toute responsabilit\u00e9 \u00e0 cet \u00e9gard.<\/p>\n<p><strong>Cookies :<\/strong><br \/>\nLe visiteur est inform\u00e9 que des cookies peuvent s\u2019installer sur son navigateur. Dans tous les cas l\u2019utilisateur peut librement effacer ses cookies de son navigateur en tout temps.<\/p>\n<p><strong>Traitements de donn\u00e9es personnelles :<\/strong><br \/>\nLe visiteur dispose en tout temps d\u2019un droit de d\u00e9sabonnement, de modification, d\u2019opposition et de rectification sur les donn\u00e9es personnelles le concernant: il est possible de demander que ces donn\u00e9es soient rectifi\u00e9es, compl\u00e9t\u00e9es, clarifi\u00e9es, mises \u00e0 jour ou effac\u00e9es.<\/p>\n<p>Tout comme vous, nous ha\u00efssons les spams, et ici votre vie priv\u00e9e est respect\u00e9e: Votre adresse email ne sera jamais vendue ou partag\u00e9e avec qui que ce soit.<\/p>\n<p><strong>Donn\u00e9es obligatoires\/facultatives:<\/strong><br \/>\nPour recevoir la newsletter vous devez indiquer votre nom et votre adresse email pour pouvoir vous inscrire (oui c\u2019est une obligation l\u00e9gale d\u2019\u00e9crire cela !).<\/p>\n<p><strong>Destinataires:<\/strong><br \/>\nLes destinataires de ces traitements sont les personnes inscrites \u00e0 nos listes courriels par l\u2019entremise de notre site internet<\/p>\n<p><strong>Propri\u00e9t\u00e9 :<\/strong><br \/>\nCe site est la propri\u00e9t\u00e9 exclusive de Danielle Scicchitano<\/p>\n","protected":false},"excerpt":{"rendered":"<p>Mentions l\u00e9gales au sujet de votre inscription \u00e0 notre liste de courriels : Vous devez savoir qu\u2019en laissant votre courriel, vous recevrez gratuitement des informations relatives aux activit\u00e9s propos\u00e9es par Global Creartiv&rsquo;Artr. Vous devez indiquer votre nom et votre adresse courriel pour pouvoir vous inscrire. Le propri\u00e9taire de cette liste de courriel est Danielle Scicchitano&#8230;. <\/p>\n","protected":false},"author":1,"featured_media":0,"parent":2,"menu_order":0,"comment_status":"closed","ping_status":"closed","template":"no-sidebar.php","meta":{"footnotes":""},"class_list":["post-1119","page","type-page","status-publish","hentry"],"aioseo_notices":[],"_links":{"self":[{"href":"https:\/\/www.global-creativ-art.ch\/index.php?rest_route=\/wp\/v2\/pages\/1119","targetHints":{"allow":["GET"]}}],"collection":[{"href":"https:\/\/www.global-creativ-art.ch\/index.php?rest_route=\/wp\/v2\/pages"}],"about":[{"href":"https:\/\/www.global-creativ-art.ch\/index.php?rest_route=\/wp\/v2\/types\/page"}],"author":[{"embeddable":true,"href":"https:\/\/www.global-creativ-art.ch\/index.php?rest_route=\/wp\/v2\/users\/1"}],"replies":[{"embeddable":true,"href":"https:\/\/www.global-creativ-art.ch\/index.php?rest_route=%2Fwp%2Fv2%2Fcomments&post=1119"}],"version-history":[{"count":5,"href":"https:\/\/www.global-creativ-art.ch\/index.php?rest_route=\/wp\/v2\/pages\/1119\/revisions"}],"predecessor-version":[{"id":1128,"href":"https:\/\/www.global-creativ-art.ch\/index.php?rest_route=\/wp\/v2\/pages\/1119\/revisions\/1128"}],"up":[{"embeddable":true,"href":"https:\/\/www.global-creativ-art.ch\/index.php?rest_route=\/wp\/v2\/pages\/2"}],"wp:attachment":[{"href":"https:\/\/www.global-creativ-art.ch\/index.php?rest_route=%2Fwp%2Fv2%2Fmedia&parent=1119"}],"curies":[{"name":"wp","href":"https:\/\/api.w.org\/{rel}","templated":true}]}}